omposite?
False
Suppose -2*i - 4*d = 2*i + 2636, 3 = -d. Let l = -365 - i. Is l a prime number?
False
Let n be 4/(20/(-2765))*(-414)/21. Suppose a - 2*f = 3006 + 623, 3*f + n = 3*a. Is a prime?
False
Let u = -74 + 85. Is (2 + -1 - (-9900)/u) + 4 a composite number?
True
Let w(u) = -u**2 + 5*u - 2. Let j be w(5). Let l be 0*(0 - 1/j). Suppose -2*y + 4 = l, -v - 3 = -y - 78. Is v prime?
False
Let v = -666 - -267. Let d = v + 940. Is d prime?
True
Suppose -951 + 335 = -2*h. Let n be (2 + 1)*h/4. Suppose -4*u = -u - n. Is u composite?
True
Suppose 0 = 40*a - 628412 + 62692. Is a composite?
False
Suppose 3*l + 18*l = 226947. Is l a prime number?
False
Suppose -54*f = -255229 - 185303. Is f prime?
False
Let x(p) be the third derivative of p**6/120 - 5*p**4/24 + 7*p**3/6 + 13*p**2. Is x(8) composite?
False
Let y(m) = 3*m**3 + 10*m**2 - 12*m - 20. Let b(x) = 110*x**2 - 121*x**2 - 2*x**3 + 6*x + 19 + 5*x. Let f(t) = -4*b(t) - 3*y(t). Is f(11) a prime number?
False
Let u(p) = -246*p**3 - 4*p**2 - 25*p - 29. Is u(-6) composite?
False
Let n(o) = -o**2 + 25. Let j(g) be the first derivative of g**2/2 - g - 2. Let p be j(1). Is n(p) composite?
True
Suppose -t = r - 3, -4*r + 4 = t - 8. Suppose -3*i + 3*g + 30 = 0, 35 = 3*i - t*g - 4*g. Suppose i*n - 373 = -3. Is n a prime number?
False
Let r(b) = b**3 + 8*b**2 - 3*b - 19. Let v(n) = n - 4. Let f be v(-4). Let g be r(f). Suppose -752 = -y + j, 1534 = 2*y - j + g*j. Is y prime?
True
Is ((-6)/9)/((-5)/((-66525)/(-10))) composite?
False
Let f = 804 - 1285. Let l = -169 - f. Is l/9 - (-1)/3 prime?
False
Let w(x) = -x + 12. Let c be w(11). Let v(n) = 322*n**2 - n + 2. Is v(c) composite?
True
Let q(z) = 199*z**2 - 20*z + 2. Is q(2) a prime number?
False
Let d(i) be the second derivative of 17*i**3 + 0 + 1/2*i**2 - 11*i. Is d(3) prime?
True
Is (-2)/(-3) + 1 + (-2832046)/(-21) prime?
False
Let g be (3/(27/12))/(2/1803). Let s = 1689 - g. Is s a composite number?
False
Let s = 20 - 19. Suppose -2*f + 1 = -s, -2*c + 3782 = -2*f. Suppose 1285 = 3*t - c. Is t composite?
True
Suppose 5*s = k + 10998, -79 + 94 = -5*k. Is s composite?
True
Let l(d) be the second derivative of 61*d**4/6 + 7*d**3/6 + 5*d**2 - 10*d. Is l(-3) composite?
False
Let k(t) = 876*t**3 - 2*t**2 - 10*t + 21. Is k(2) prime?
True
Let m(f) = -4212*f + 289. Is m(-21) composite?
False
Suppose 18*y - 11733 = 17481. Is y a prime number?
False
Is (8/28)/(38/1085413) prime?
True
Let u = -7 + 7. Suppose z + 4 + 2 = u. Is (-4)/z - 775/(-3) a prime number?
False
Let i be -9*93/(-18)*-2. Is i*96/(-9) + -1 composite?
False
Suppose 5*a + 11638 = 4*t - 14521, 4*a = 4. Is t composite?
True
Let d = -6727 + 11556. Is d prime?
False
Is ((-15698)/(-4))/(8/16) composite?
True
Suppose -11*h + 56192 = 16834. Let s = h - 2379. Is s composite?
True
Let q(x) = -12*x - 7. Let h be q(-4). Let f = h + 222. Is f a prime number?
True
Let s(r) = -r**3 - 11*r**2 + 12*r + 5. Let z be s(-12). Suppose z*v - 1278 - 1152 = -5*n, 5*v + 2*n = 2445. Is v composite?
False
Let k(g) = 2 - 384*g + 7*g + 1 - 1. Is k(-1) composite?
False
Let t(i) = 11*i**2 - i + 7. Suppose -23 + 3 = -5*o. Suppose -4*f = -3*f + o. Is t(f) a composite number?
True
Suppose 4*b = 4, -3*s - 2*s - 1548 = -3*b. Let x = 436 + s. Is x a composite number?
False
Let d(z) = z**2 + 19*z - 54. Let k be d(-22). Suppose -k*f = -0*f - 696. Is f a composite number?
True
Let p(q) = q**3 + 58*q**2 - 56*q + 81. Is p(-56) prime?
False
Is 3724*2 - 15/(-5) prime?
True
Suppose 3*u = -0*u. Suppose 4*j + 0*j + 8 = 2*a, u = 5*j - 2*a + 8. Suppose -3*k + 6*k - 603 = j. Is k a prime number?
False
Let f(o) = -o**3 - 6*o**2 - 2*o + 6. Let m be f(-6). Let a = -14 + m. Suppose j + 2*j - 449 = -4*d, -a*d = -20. Is j a prime number?
False
Let z(l) = 6*l + 18*l - 4*l - 10 + 1. Is z(11) composite?
False
Suppose 2 = 4*s - 3*j + 4, 0 = -s + j - 1. Let p be 1/4*0/s. Suppose 0 = -p*r - 4*r - c + 1066, -4*r = 4*c - 1060. Is r prime?
False
Let p(z) = 390*z**3 - 4*z**2 + 2*z - 5. Is p(4) composite?
True
Let s(f) = 791*f - 114. Is s(25) prime?
True
Suppose 7 = -4*x + 15. Is ((-6)/(-48)*4)/(x/5036) composite?
False
Suppose 2*n + 12 = -m, -m - 2 = -2*n + 2. Let b = -8 - m. Suppose -4*y + 3*h = -2*h - 31, 4*y - h - 51 = b. Is y composite?
True
Is 4527/27*(-369)/(-3) a prime number?
False
Let f(k) = -k**2 + 8*k + 9. Let j be f(9). Suppose -4 + 28 = 4*x - 4*b, 2*x + b - 3 = j. Is (-3)/x*-47*1 prime?
True
Let a = -14 + 60. Suppose -3*t + 3*u + 573 = 0, a + 344 = 2*t - 4*u. Is t prime?
False
Let r be 386/14 - 42/(-98). Is 9261/r + (-2)/(-8) prime?
True
Let a(o) = 11*o**3 - 27*o**2 + 26*o - 19. Is a(12) prime?
True
Suppose p + 7*t - 3*t = 1637, 4*p = 3*t + 6586. Let q = -564 + p. Is q prime?
False
Let z be (-1543)/(-5) - 3/(-10)*-2. Is (-2 + 3)*(z + (-2)/2) composite?
False
Let r(m) = 841*m**2 - 42*m - 129. Is r(-6) a prime number?
False
Let o be (36/(-30))/((-4)/10). Suppose o*t - 3*f = -30, 3 - 1 = f. Is -68*(10/t + -2) a composite number?
True
Let f = 78 - 78. Suppose f = 2*j - 0*j - 2*d - 552, 5*j - 1368 = -d. Is j a composite number?
True
Let r be 83*(2/4 + 3/6). Suppose 503 + r = 2*i. Is i prime?
True
Let y be 7 - (1 + 2/(-2)). Let g(c) = c + 1. Let q be g(y). Is (-12)/9*(-84)/q a composite number?
True
Let k(y) = -16*y - 1 - 8*y**2 - y**3 - 1 - 2. Is k(-7) a prime number?
True
Is 36595 + 16/(7 - 9) a composite number?
False
Suppose -5*d + m + 38 = -23, 4*d - 5*m = 53. Let r be 471/7 - d/42. Suppose -2*t + 2*n = -114, t - 4*n + r = 2*t. Is t a composite number?
False
Let u = -17739 + 30860. Is u a composite number?
False
Suppose 5*o + 25 = 10*o. Suppose -2*i + 2989 = o*i. Is i a composite number?
True
Suppose p = -5*l - 15, -4*p + 0*l + 4 = 4*l. Suppose v = 5*r + 3, 3*r - v = -3*v + 6. Suppose r = p*a - 1060 - 825. Is a prime?
False
Let d(r) be the first derivative of 23*r**4/12 + 2*r**2 + 5*r + 1. Let q(k) be the first derivative of d(k). Is q(-3) a composite number?
False
Let q be (-4 + 85/25)*-5. Suppose -q*w = -13*w + 2110. Is w composite?
False
Suppose -12*n - 9*n = -2652447. Is n a prime number?
True
Suppose 13*n - 51*n = -1003922. Is n a composite number?
True
Suppose 5*c = 2*c - 2187. Let o be (7 - 4)/(-3) - c. Suppose 6*s = o - 14. Is s composite?
True
Suppose 6*m - 1910 = 9508. Is m prime?
False
Suppose 0 = 4*w - 6*w + 4. Suppose 0 = w*p - 759 + 17. Is p a composite number?
True
Let w be (-13)/(-4) + 2/24*-3. Suppose -w*t + 9 = 0, -t + 9189 = 4*z - 1178. Is z prime?
True
Let i = -1495 - -3293. Let o = 187 + i. Suppose 3*a - o = -2*a. Is a a prime number?
True
Let d(t) = 2*t**2 + 12*t + 12. Let y(p) = -p**2 + 6*p + 7. Let w be y(8). Let r be d(w). Suppose 8*g - 3*s - r = 3*g, -33 = -3*g + 4*s. Is g a prime number?
False
Let p = -13 - 9. Is 3/12*p*-106 a composite number?
True
Let c = 121 + 26. Let o = 454 - c. Suppose 0 = -i + 848 - o. Is i prime?
True
Suppose 3*t - 2*t - 4*n = -2, 5*n - 13 = -4*t. Suppose 0 = -3*g + t*g - 4, -1671 = -5*i - g. Is i composite?
True
Let z = 114 + -53. Suppose -3*y - 2*t = 1 - z, -4*y + 2*t + 66 = 0. Suppose -3*v + y = -81. Is v a composite number?
True
Suppose o - 26478 = -t, -5*o - 2*t + 132397 = -4*t. Is o composite?
False
Suppose -z - 6 = -4*z. Let m(h) = h**2 + 2*h - 4. Let b be m(4). Suppose b + 42 = z*w. Is w a prime number?
True
Let g(r) = 2*r**2 + 2*r + 1. Let q be g(-1). Is (0 - q)/(6/(-11298)) a composite number?
True
Suppose 4*z = 3*p + 5*z - 618, 813 = 4*p + 5*z. Let y be -1*1 - (-3 - 2). Suppose y*k - 312 - 528 = 2*m, -k + 2*m + p = 0. Is k a prime number?
True
Is 4 - (10/(40/(-68348)) - 2) composite?
False
Let z = 22 + -25. Is (z - (-598)/4)*2 composite?
False
Let v be (-1)/(1 - 13784/13782). Suppose 824 = 5*m - v. Is m composite?
False
Suppose -3*c + 5*c = 0. Suppose r - 63 - 86 = 2*a, c = -a + 4. Is r a composite number?
False
Suppose 5*f = n - 2026, -5*n + 0*n + 10245 = -2*f. Is n prime?
False
Let n(o) = 12*o - 5 - 240*o + 32*o. Is n(-1) composite?
False
Is 1771 - (5 - -4) - 3 a prime number?
True
Is 59850/(3 + 3) + (-2)/(-1) a prime number?
False
Let s(o) = -o**3 + 14*o**2 - 13*o - 17. Let g(x) = x**3 + x - 1. Let z(a) = 2*g(a) + s(a). Is z(-13) composite?
False
Is 18369*1 + (-7 - (-7 + -4)) composite?
True
Suppose 4*b = 4*w - 7*w - 35, 0 = -4*w + 12. Let v be b/(-44) + (-118)/(-8). Suppose 3*z - 18